 factors of a(-7).
2, 331
Let b(u) = u**2 + 8*u + 4. Let h be b(-7). Let x be (h/(-9))/(1/6). Suppose 2*t + 5*i = -x*t + 108, -3*t + 78 = 3*i. What are the prime factors of t?
2, 11
List the prime factors of (-50576)/(-10) - (-15)/(-25).
13, 389
Let t(g) = 0 + 7*g - 20*g + 3 - 2. Let s be t(-1). List the prime factors of (36/(-15))/(s/(-385)).
2, 3, 11
Let b be (8/10)/((-4)/(-5530)). Suppose -13*d + b = -2612. What are the prime factors of d?
2, 11, 13
Suppose 90*i + 21*i = 453990. What are the prime factors of i?
2, 5, 409
Let r(i) = -4*i + 8 - 2*i + 3*i - 10. Let a be r(2). List the prime factors of (-3 - 20/a)*-20.
2, 5
Suppose 3*a + 4*q - 549 = 2*a, 0 = 2*a - 3*q - 1098. Suppose 15*b - a = 156. List the prime factors of b.
47
Let g(y) = -3*y - 12. Let w be g(-5). Suppose n - 6*n = 2*c - 292, w*n + 3*c = 177. What are the prime factors of n?
2, 29
Suppose 3*u - 4*d - 994 = 0, -4*u - 2*d + 1316 = 2*d. List the prime factors of u.
2, 3, 5, 11
Let r be (-22)/(-2) + (-6)/(-12)*6. Suppose -180 = -r*c + 10*c. What are the prime factors of c?
3, 5
Suppose u + 30 = 3*u. Suppose u = 3*q + 4*g, -6*g = 4*q - g - 20. List the prime factors of 4/(-10) - (-22)/q.
2
Let m = -5336 + 9412. List the prime factors of m.
2, 1019
Let m(g) = 37*g - 83. Let o be m(-9). Let s = 676 + o. What are the prime factors of s?
2, 5, 13
Suppose -256 - 2504 = -6*l. List the prime factors of l.
2, 5, 23
Suppose -11 = -4*a - 3. Let p be 9 - 5 - a*-32. Suppose p - 8 = 6*z. What are the prime factors of z?
2, 5
Let l(x) = 7*x**2 + 8*x + 6. Let m be l(-6). Suppose 8*z - 14 - 10 = 0. Suppose 5*q - q = 5*i + 282, -m = -z*q + 3*i. What are the prime factors of q?
2, 17
Let w be -1 + -2 - (2 - 15). Let q(m) = -m**2 + 20*m - 9. What are the prime factors of q(w)?
7, 13
Let v(s) = 2*s**3 - 4*s + 2. Let y = 23 + -21. What are the prime factors of v(y)?
2, 5
Suppose 0 = 11*o - 2190 - 5290. Let c = o - 391. List the prime factors of c.
17
Let b be (-54)/(8/12 + -1). Suppose 0 = 34*r - 31*r - b. List the prime factors of r.
2, 3
Suppose -4*y + 2*k + 34 = 0, -2*y - k + 32 = 3*y. Let p(j) = -j**2 - 7*j - 7. Let r be p(-5). Suppose r = n - y. What are the prime factors of n?
2, 5
Suppose 0 = -2*p + 2*b - 176, 0 = 3*p - 0*b - b + 272. Let a = -36 - p. What are the prime factors of a?
2, 7
Let l(f) = f**3 - 8*f**2 - 23*f - 19. Let p be l(11). Let w = p - 54. What are the prime factors of w?
37
Let z be 5789/49 - 2/14. Suppose z = 3*q + 1. What are the prime factors of q?
3, 13
Let v be (-102)/42*(-13 + 6). Suppose -3*y - 105 = -8*y. Let k = y + v. List the prime factors of k.
2, 19
Suppose a + 111 = b - 573, -3*b - 5*a = -2092. List the prime factors of b.
13, 53
Let y(n) = 16*n**2 + 5*n - 10. Let s be y(5). Let u = s + -256. List the prime factors of u.
3, 53
Suppose -3*a + 2*a + 5*k = -19, 2*k + 13 = a. Suppose -a*w = -5*w + 72. Let b = -13 - w. What are the prime factors of b?
5
Suppose -4*s + 1606 = 2*m, -25*m + 28*m = -s + 2389. List the prime factors of m.
3, 5, 53
Let c be -3*258/9*1. Let u = 90 + c. List the prime factors of u.
2
Let k be (-2 + -3)/(0 - (2 + -1)). List the prime factors of (3/(-4))/(k/(-620)).
3, 31
Suppose -2*s + 1640 = 4*w, -w - 1236 = -4*w - 3*s. List the prime factors of w.
2, 3, 17
Let y = -1289 + 2157. What are the prime factors of y?
2, 7, 31
Let t = 30 - 26. Suppose 2*v - 3*q - 173 = 0, -2*v + q = -t*v + 161. What are the prime factors of v?
2, 41
Suppose 0 = 5*q - 5 - 10. Suppose -5*l + 31 = -5*w + 11, 12 = 4*w + q*l. Suppose -28 = -w*d - 2*d. List the prime factors of d.
2, 7
Suppose 117*h = 104*h + 17537. List the prime factors of h.
19, 71
Let s be (-4)/(8/(-18))*3. Suppose 0 = u + 2 + 3. Let w = s + u. List the prime factors of w.
2, 11
Let l(v) = v**3 + 7*v**2 + 10*v + 6. Let x be l(-7). Let a = -18 - x. What are the prime factors of a?
2, 23
What are the prime factors of (9/2)/(15/5730)?
3, 191
Let l be (0 + (-2)/(-4))*24. Let u = 105 - l. What are the prime factors of u?
3, 31
Let r = -2282 + 3805. What are the prime factors of r?
1523
What are the prime factors of 574 + 66 - 0/(-2)?
2, 5
Let j(d) = -61*d**2 + 26. Let l(o) = -12*o**2 + 5. Let p(y) = 2*j(y) - 11*l(y). Suppose 18 = 3*z + 6*z. What are the prime factors of p(z)?
37
Suppose v - 2*f - 13 = 5, -5*v = 3*f - 77. Let s = 237 + v. What are the prime factors of s?
11, 23
Let k(p) = 8*p - 3. Let d be k(2). Let a = 44 - 33. Let v = d - a. What are the prime factors of v?
2
Suppose -9 = -4*o + b, -8*b - 23 = 2*o - 3*b. Let t = o - -5. What are the prime factors of ((-16)/(-6))/(t/99)?
2, 11
Suppose 3*w - 11 = 13. Suppose -8*i = -12*i - w. What are the prime factors of ((-3)/i)/((-3)/(-70))?
5, 7
Let l(b) = b**3 + 4*b**2 - 6. Let x be l(-4). List the prime factors of (-369)/(-2)*(-3)/27*x.
3, 41
Let c be (-8)/5*90/12. List the prime factors of 3/(c/20) - -14.
3
Suppose 26841 - 5727 = 18*x. What are the prime factors of x?
3, 17, 23
Let o be 2*2/(-8)*-356. Let p be 5/30 - o/(-12). Let g = p + 5. What are the prime factors of g?
2, 5
Let a = 11328 - 7683. List the prime factors of a.
3, 5
Let w(z) = z**3 - 11*z**2 + 21*z + 21. Let m be w(10). Suppose 5*s = m + 259. What are the prime factors of s?
2, 3, 13
Let r be 10/25 - 26/(-10). Suppose z = -2*x + 181, 5*x = r*x + 5*z + 151. Suppose h = -3*h + x. What are the prime factors of h?
2, 11
Let u(i) = -i**2 + i + 2. Let b(d) = -d + 5. Let n be b(5). Let r be u(n). Suppose r*g + 50 = 4*j, 4*j - 5*g - 18 = 23. What are the prime factors of j?
2, 7
Suppose -2*m - 180 + 430 = 0. List the prime factors of (-1)/(-6) - m/(-6).
3, 7
Suppose 5*s + 10 - 35 = 0. Suppose 5*w + s*t = 380, 6*w = 3*w + t + 232. What are the prime factors of w?
7, 11
Let h = 80 + -73. Suppose 3*o - 8 = h. List the prime factors of o.
5
Let l be (-1521)/(-6) - (-1)/(-2). Let h = -134 + l. List the prime factors of h.
7, 17
Let f = -52 - -93. Let i = -91 + 66. Let d = f + i. What are the prime factors of d?
2
Let b(g) = -21*g**3 - 7*g**2 + 3. List the prime factors of b(-5).
11, 223
Let q(f) = f**3 - 9*f**2 - 20*f - 11. Let o be q(11). Let y(g) = g**3 - 12*g**2 + 25*g + 3. What are the prime factors of y(o)?
157
Suppose j - 24 + 18 = 0. Suppose 2312 = j*l + 2*l. What are the prime factors of l?
17
Let l(x) = x + 2 + 5*x - 5*x. Let c be l(8). Suppose 0 = -q - 5*s + 22, q - 5*s - c - 2 = 0. List the prime factors of q.
17
Let j = 12772 - 6946. What are the prime factors of j?
2, 3, 971
Let w(d) = -8*d**3 - 6*d**2 - 33*d + 14. List the prime factors of w(-5).
3, 7
Suppose 2*v + 5*y = -16, 4*y - 1 = 3*v - 0*y. Let a be (-7)/(v + (-4 - -6)). List the prime factors of (3/3)/(a/49).
7
Suppose 0 = -d - 15*c + 11*c + 827, 2*c + 3380 = 4*d. What are the prime factors of d?
3, 281
Let s(a) = 167*a - 20. List the prime factors of s(4).
2, 3
Let u be ((-4)/(-2))/((-4)/(-12)). Suppose -u*w + 8 = -2*w. What are the prime factors of 9/w*16/6?
2, 3
Let l(i) = -i**2 + 7*i - 10. Let x = -15 + 23. Let u be l(x). Let n = 74 + u. What are the prime factors of n?
2, 7
Let q be 3 - (2 - 12/6). Let f = 2 - 2. Suppose -m + 22 = 4*x - q*m, f = -5*m - 25. List the prime factors of x.
3
What are the prime factors of -3 + 9/((-54)/(-10806))?
2, 29, 31
Let k(z) be the first derivative of -3*z**2 - 4*z - 3. Let o be k(-5). Suppose s = -2 + o. List the prime factors of s.
2, 3
Let o(u) = u**2 + 3. Let b be o(0). Let c(x) = -12*x + 3*x**3 - x**3 + x**2 - b + 16*x. List the prime factors of c(2).
5
Let n(a) = -a**2 + a - 1. Let g be n(-2). Let t(k) = -2*k - 10. Let r be t(g). Suppose -r*s + 4 = -52. List the prime factors of s.
2, 7
Let r be -74*(-1 + -1)/(-4). Let k = r + 74. List the prime factors of k.
37
Suppose 5*j - 22 = -4*u, -3*u + 4 = -3*j + 1. Let x(p) be the second derivative of 3*p**5/10 - p**4/3 + p**3/3 + p**2 + p. What are the prime factors of x(j)?
2, 19
Suppose 62*b - 33*b - 32306 = 0. What are the prime factors of b?
2, 557
Let w = -110 + 56. Let s = w + 86. List the prime factors of s.
2
Let g = 1978 + -1180. List the prime factors of g.
2, 3, 7, 19
Let f = 180 - 92. List the prime factors of f.
2, 11
Suppose -4*r + 2*q + 1044 = -1736, 2*r - 1374 = 5*q. What are the prime factors of r?
17, 41
Let r = -54 - -374. Suppose -3*z - r = -5*i + 130, 2*i + 2*z - 164 = 0. What are the prime factors of i?
3, 2